 i(-9). Suppose h - g = -2*m + 152, -4*h + 441 = p*m. Is m composite?
True
Let d(q) = 16*q**2 - 42*q - 51. Is d(29) composite?
True
Let a = 208 + -56. Suppose 2*b - a = 84. Is b a composite number?
True
Let u(z) = 8*z**3 + 20*z - 10. Is u(6) a composite number?
True
Suppose -5*v - 2962 = -3*z, -3*z + 2957 = -0*z - 4*v. Is z a composite number?
True
Let z(w) = w - 1. Suppose -6*a = -a - 40. Let k be z(a). Suppose -3*d + k*d = 1172. Is d a prime number?
True
Suppose 8*x - 1647 = 90505. Is x a prime number?
True
Let k = -55 + 60. Suppose -1350 = -k*n - 5*p, 3*p + 288 = 3*n - 546. Is n a composite number?
True
Is 6 - 3/(6/(-1762)) composite?
False
Let d(t) = t + 7. Let v be d(-5). Suppose 5*u - 2*q = 4595, -v*q - 2730 + 892 = -2*u. Is u prime?
True
Let t(i) = -2*i**2 - 10*i - 16. Let g be t(-14). Let f be g + -1 - 8/(-4). Is (5/(-15))/(1/f) a prime number?
True
Let r = -26 - -28. Suppose -4*y - 34 = f - 250, 0 = -r*y + 3*f + 122. Is y prime?
False
Let r(k) = -k**2 - 2*k + 5. Let a be r(-3). Suppose 5*i + 16 = a*b, -3*i + 0*i - 3*b = 18. Is -191*(i + 0 - -3) a prime number?
True
Let d = 2 - 0. Let c = 758 + -124. Suppose -2*t - c = -b - b, 4*t = d*b - 630. Is b a composite number?
True
Let c be 0/(-1 + 0 + 3) + 2. Suppose -4*d - d = 2*m - 16, 0 = -d - 3*m - 2. Suppose c*s - 3*g = -6*g + 142, -4*s + 244 = -d*g. Is s a composite number?
True
Let k = 85268 - 53315. Is k composite?
True
Let z be ((-6)/(-12))/(1/6). Is 1*-3207*(z + -4) composite?
True
Let h = -17 + 18. Let w be (1 - -3) + -1 + h. Suppose u + 385 = 3*r - u, w*r + 3*u - 502 = 0. Is r a composite number?
False
Let p be (1 + 0)/((-11)/(-33)). Suppose 0 = -a + 5*o + 907, 0 = -p*a - a - 4*o + 3676. Is a composite?
True
Is (-114)/(-22) - 5 - 455757/(-33) composite?
True
Let y(o) = 1143*o + 6. Suppose 7*n - 9*n + 2 = 0. Is y(n) composite?
True
Let g be -1*2 - (-3 - -6). Let a be (-12)/(-15) - 96/g. Suppose m = -v + 30 + a, 197 = 4*v + 5*m. Is v a prime number?
True
Is -28 + 839 + 2*-1 prime?
True
Let q(m) be the third derivative of -m**4/6 - m**2. Let o be q(-1). Suppose o*y + 54 - 178 = 0. Is y a composite number?
False
Let f be 16/12 + (-899)/(-3). Let l = 398 + 41. Suppose -4*y = -l - f. Is y composite?
True
Suppose 283846 = 26*f - 248400. Is f prime?
False
Let v = 4 + -1. Is (2 - 1 - (-3)/v) + 147 a prime number?
True
Let l(m) = -39245*m - 94. Is l(-3) prime?
False
Let y(h) = 18*h - 10. Let q be y(-3). Let i = q + 443. Is i a composite number?
False
Suppose -5*t = -4*t - 8. Suppose -7173 = -t*k - k. Is k a composite number?
False
Let v = 451 - -1282. Is v a prime number?
True
Let d be (-2)/(-5*3/(-15)). Is (-1 + 21/d)/((-10)/220) a prime number?
False
Suppose -9*o + 5*o = -824. Let s = 12 + o. Suppose -s = -4*k + 114. Is k a composite number?
False
Suppose n - 1 = 0, -5*v + 3*n = -8*v + 21996. Is v prime?
True
Let y = 15885 - 10592. Is y a prime number?
False
Let g = -979 + 2452. Suppose p - 285 = 4*c, -5*p - 5*c + g = -c. Is p composite?
False
Suppose -2*p - 2*r = -3*r + 160, -p = 5*r + 91. Let n = p - -418. Is n a composite number?
False
Is (-3)/((-36)/8)*(683 - 2) a prime number?
False
Is (-72427)/(-6) - (-6)/(-36) composite?
False
Let l = -3391 - -11160. Is l composite?
True
Let h be ((-3)/(-3))/((-2)/(-10)). Let z(r) = -r - 149*r**3 + r**2 + 150*r**3 + 0*r**2 - 2. Is z(h) a composite number?
True
Let z(a) = a + 19. Suppose -v = -3*v - 34. Let r be z(v). Suppose 4*g - 142 = -0*g + 3*p, r = p. Is g prime?
True
Suppose -3*c - 47 = 91. Let q = c - -25. Is (1 - q) + (1 - 4) prime?
True
Let k = 761 + -218. Let l = k - 278. Is (l/(-20))/(1/(-20)) a prime number?
False
Is ((-1753)/(-3))/(14/294) prime?
False
Is (-6)/39 + (-303606)/(-26) composite?
False
Suppose 1295 = -4*z - 41. Let q(u) = -3*u - 27. Let f be q(0). Let l = f - z. Is l prime?
True
Let r be -6 + 76/12 - (-310)/6. Let o = r + 27. Is o a prime number?
True
Let l(y) = 2*y**3 + y**2 + 2*y - 7. Let s be l(-6). Let o = s + 606. Is o composite?
False
Let b be 3/(6/8) + -17. Let d(c) = -7*c**2 + 10*c**2 + c**3 + 11*c**2 + 12*c - 2. Is d(b) prime?
True
Let q(u) = -u**2 + 11*u - 30. Let m be q(7). Is m + -1 - (-4530)/15 composite?
True
Let c be 0 + -1 + 4 + 34/2. Suppose -4*d + c = 0, 4*d = 5*w - 4*w - 3767. Is w prime?
False
Suppose -120*w - 126006 = -126*w. Is w a composite number?
False
Let x(m) = -m**2 + m - 3. Let l be x(0). Let v(a) = -1 - 30*a - 3 - 1. Is v(l) a composite number?
True
Let f(z) = -1824*z - 43. Is f(-1) prime?
False
Is ((-16)/(-12))/(12/94491) prime?
True
Suppose 6*p - 10*p = -1300. Let l = p - -46. Is l prime?
False
Let d(a) = 112*a - 1. Let b be d(-3). Suppose 3*u + 2007 = -3*o + 2*o, 2*u + 4*o + 1348 = 0. Let q = b - u. Is q a prime number?
True
Let j = 7025 + -3708. Is j prime?
False
Let k = 19640 - 10717. Is k prime?
True
Let v(u) = -16*u - 241. Is v(-42) a prime number?
True
Let h = 812 + -428. Is 36/27 + (-4)/(-6) + h a composite number?
True
Suppose -9*r - 94 - 158 = 0. Is 2/(-7) + (-2500)/r a composite number?
False
Let h = 14 - 14. Suppose 2*n + 5 = n + d, h = -4*n + 5*d - 24. Let v(q) = -150*q - 1. Is v(n) a composite number?
False
Let p = -52512 - -81293. Is p a composite number?
True
Let l(v) be the first derivative of 20*v**3/3 - 6*v**2 - 15*v - 10. Is l(-8) a prime number?
True
Let l be (-4 + (-3485)/10)*-2. Let y = 1466 - l. Is y a composite number?
False
Suppose -18 = f - 4*c, 0 = -3*f + 3*c - 6 - 3. Suppose r = f*r - 62. Is r a composite number?
True
Suppose 2*i = -3*i. Suppose 5*l = -i*l + 1210. Suppose -g - 3*o = -125, -4*g + l = -2*g + 4*o. Is g composite?
False
Let c(s) = -s + 67. Suppose 10 = 5*y + 5*g, -2*g = -5*y + 3*g + 10. Suppose y*t + 0*t = 0. Is c(t) a composite number?
False
Suppose -9*c = 21*c - 75930. Is c composite?
False
Let c be ((-96)/80)/(3/(-20)). Is (5*-1)/(1*c/(-4504)) a prime number?
False
Let i = 124 + 8821. Is i prime?
False
Let k(x) = x**3 - x**2 + 3*x + 38993. Is k(0) prime?
True
Let m be (0/(-12))/((-2)/(-2)). Suppose -2*l - 2*l + 444 = m. Suppose -5*v + 4*p = -555, 0*v = v - 5*p - l. Is v composite?
True
Let r(p) = 139*p - 218. Is r(24) composite?
True
Let q = -29920 + 69315. Is q prime?
False
Suppose 0 = 3*h + 4*c + 11, -5*h - 36 = -c + 13. Let n be 126/27 - (-6)/h. Suppose t + 119 = 2*t + 4*m, -2*m = -n*t + 476. Is t composite?
True
Suppose 374*y = 366*y + 122504. Is y prime?
True
Suppose 2400 + 1442 = 2*x + 2*o, 5*x - 9585 = 5*o. Is x a prime number?
False
Let y = -128655 + 194714. Is y composite?
True
Let z = -1577 + 3908. Suppose 5*k = z - 421. Is k composite?
True
Let x = 9098 + -4029. Is x a composite number?
True
Let x = 500718 - 352741. Is x a prime number?
True
Suppose 80689 + 28439 = 24*t. Is t a prime number?
True
Let f(v) = 329*v + 1. Is f(4) composite?
True
Suppose 3*h - 44704 = -n, 5*h - 44*n + 46*n = 74505. Is h a composite number?
True
Let s(f) = -2*f**2 + 9*f - 9. Let x be s(3). Suppose 5*m + 2*j - 8471 = 0, x = 3*m - 5*j - 4387 - 677. Is m composite?
False
Let a(n) = -n + 21. Let b be a(18). Suppose p + 14 = b*p. Is p a prime number?
True
Suppose -2*l - 109869 = -3*u, -4*u - 10*l + 146492 = -13*l. Is u a composite number?
True
Let b = -697 + 2168. Is b prime?
True
Is 363/(-44)*99464/(-6) prime?
False
Let m(y) = -2*y**3 - 10*y**2 - 42*y - 31. Is m(-20) a composite number?
False
Suppose -24497 = -331*x + 320*x. Is x a prime number?
False
Let b(m) = 11*m**3 - m**2 + 1. Let v be b(-2). Is (-7299)/(-7) - 26/v a prime number?
False
Let d(k) = 3*k**2 - 6*k - 894. Let f(h) = -h**2 + h - 1. Let j(o) = -d(o) - 4*f(o). Is j(0) a composite number?
True
Let u(p) = -11*p**3 - 29*p**2 - 8*p - 65. Is u(-14) prime?
True
Let w = 2 + -1. Let n be -6 + 8 + w/1. Suppose n*f = -68 + 341. Is f a composite number?
True
Let z(v) = -v**3 - 23*v**2 - 17*v + 44. Let d be z(-20). Let y = d - -1403. Is y a prime number?
True
Let j be ((-1)/1)/((-9)/27). Suppose -10 = j*i - 2*i. Let b(n) = -9*n + 7. Is b(i) a prime number?
True
Suppose v + 5*a - 40 - 1616 = 0, -a + 8256 = 5*v. Is v composite?
True
Let j(r) = r + 2. Let q be j(0). Suppose -6 = -2*m + q. Suppose -k = m*t - 623, t = -4*k + 2*k + 161. Is t prime?
False
Let v = 50 + -49. Let o(y) = 295*y**2 - 3*y + 3. Is o(v) composite?
True
Suppose -3*f + 12 - 6 = 0. Suppose f*z = -8*z + 11380. Is z composite?
True
Suppose -197*g 